?
2, 13907, 70823
What are the prime factors of 70962964?
2, 17, 41, 25453
List the prime factors of 1086695693.
41, 127, 208699
List the prime factors of 678767641.
461, 1153, 1277
List the prime factors of 43237300.
2, 5, 432373
What are the prime factors of 2026407191?
17, 113, 139, 7589
List the prime factors of 73627460.
2, 5, 3681373
What are the prime factors of 80501197?
7, 11500171
What are the prime factors of 178417625?
5, 1427341
What are the prime factors of 6461635786?
2, 19, 170043047
List the prime factors of 66694226.
2, 281, 118673
What are the prime factors of 461745999?
3, 11, 13, 19, 23, 821
List the prime factors of 21954931.
2593, 8467
List the prime factors of 119931675.
3, 5, 29, 67, 823
List the prime factors of 58760139.
3, 67, 283, 1033
List the prime factors of 72419998.
2, 7, 43, 120299
What are the prime factors of 320665461?
3, 106888487
List the prime factors of 114988637.
37, 1097, 2833
What are the prime factors of 39743154?
2, 3, 11, 200723
List the prime factors of 4616906048.
2, 167, 251, 1721
What are the prime factors of 309324040?
2, 5, 229, 33769
What are the prime factors of 22880447?
127, 180161
List the prime factors of 2789580752.
2, 7, 61, 408311
What are the prime factors of 4110567184?
2, 29, 79, 112139
What are the prime factors of 9450943?
9450943
What are the prime factors of 124123068?
2, 3, 73, 647
List the prime factors of 131609711.
3769, 34919
List the prime factors of 2811743925.
3, 5, 307, 122117
List the prime factors of 16663512.
2, 3, 694313
What are the prime factors of 273846329?
3469, 78941
List the prime factors of 1306450188.
2, 3, 151, 80111
List the prime factors of 45109345.
5, 9021869
List the prime factors of 120890563.
120890563
What are the prime factors of 3128385116?
2, 41, 641, 29759
What are the prime factors of 416748630?
2, 3, 5, 191, 257, 283
List the prime factors of 1398330666.
2, 3, 41, 1894757
What are the prime factors of 35619596?
2, 8904899
What are the prime factors of 13957039?
19, 97, 7573
What are the prime factors of 108883348?
2, 7, 163, 23857
List the prime factors of 6551994274.
2, 7, 31, 1103, 13687
What are the prime factors of 115374628?
2, 193, 199, 751
What are the prime factors of 2305752?
2, 3, 191, 503
List the prime factors of 454208369.
2741, 165709
What are the prime factors of 1367673515?
5, 13, 211, 99721
List the prime factors of 73076872.
2, 11, 830419
What are the prime factors of 175107787?
2423, 72269
What are the prime factors of 575046086?
2, 223, 1289341
List the prime factors of 1020202669.
1020202669
List the prime factors of 2105454306.
2, 3, 71, 151, 461
List the prime factors of 1556549754.
2, 3, 337, 769807
What are the prime factors of 1570879434?
2, 3, 261813239
List the prime factors of 131818206.
2, 3, 13, 277, 6101
What are the prime factors of 415664772?
2, 3, 29, 1194439
List the prime factors of 933154948.
2, 11, 37, 191, 3001
What are the prime factors of 1088747572?
2, 11, 24744263
What are the prime factors of 237586843?
13, 18275911
List the prime factors of 676352039.
11, 61486549
List the prime factors of 30092875.
5, 240743
What are the prime factors of 46628651?
619, 75329
List the prime factors of 4132471.
7, 29, 20357
What are the prime factors of 474044428?
2, 11, 13, 191, 4339
List the prime factors of 86849650.
2, 5, 1736993
List the prime factors of 2503641476.
2, 7, 17, 19, 71, 557
What are the prime factors of 12357735?
3, 5, 13, 127, 499
List the prime factors of 71201985.
3, 5, 4746799
What are the prime factors of 5641297865?
5, 7, 161179939
What are the prime factors of 30835476?
2, 3, 7, 122363
What are the prime factors of 1730731609?
14537, 119057
What are the prime factors of 117276077?
881, 133117
List the prime factors of 814115004.
2, 3, 67842917
What are the prime factors of 924763975?
5, 281, 131639
What are the prime factors of 88786717?
37, 2399641
List the prime factors of 151829447.
7, 11, 163, 12097
List the prime factors of 8641871.
7, 797, 1549
List the prime factors of 708231286.
2, 7, 3623, 13963
What are the prime factors of 1155079164?
2, 3, 29, 61, 54413
What are the prime factors of 327054090?
2, 3, 5, 11, 991073
List the prime factors of 110078937.
3, 12230993
What are the prime factors of 180315144?
2, 3, 2504377
List the prime factors of 693038.
2, 173, 2003
List the prime factors of 11650195.
5, 53, 43963
What are the prime factors of 5715893645?
5, 7, 11, 23, 645499
List the prime factors of 107604151.
53, 2030267
List the prime factors of 70450103.
70450103
List the prime factors of 4353572865.
3, 5, 290238191
What are the prime factors of 2283433761?
3, 7, 17, 913739
What are the prime factors of 2618291517?
3, 872763839
What are the prime factors of 82213271?
7, 31, 227, 1669
What are the prime factors of 3579352?
2, 7, 23, 397
What are the prime factors of 371535815?
5, 7, 79, 134371
List the prime factors of 931826292.
2, 3, 6841, 11351
List the prime factors of 855301174.
2, 7, 13, 53, 239
What are the prime factors of 975244061?
11, 88658551
List the prime factors of 70779760.
2, 5, 317, 2791
What are the prime factors of 1674846628?
2, 7, 13, 29, 158663
What are the prime factors of 263776601?
11, 19, 53, 23813
What are the prime factors of 315107440?
2, 5, 43, 139, 659
List the prime factors of 2288042636.
2, 11, 52000969
List the prime factors of 253637848.
2, 31704731
List the prime factors of 114498526.
2, 57249263
List the prime factors of 927487908.
2, 3, 2862617
List the prime factors of 469564636.
2, 29, 41, 98731
What are the prime factors of 72648363?
3, 733, 33037
What are the prime factors of 52880656?
2, 61, 54181
List the prime factors of 62551316.
2, 1051, 14879
What are the prime factors of 752507294?
2, 7, 11, 4886411
What are the prime factors of 63119322?
2, 3, 7, 500947
List the prime factors of 111888541.
131, 854111
List the prime factors of 2150092165.
5, 13, 33078341
What are the prime factors of 6142160138?
2, 31, 99067099
List the prime factors of 19519233.
3, 29, 224359
List the prime factors of 96767374.
2, 11, 29, 151673
List the prime factors of 230553432.
2, 3, 67, 89, 179
What are the prime factors of 94568103?
3, 7, 1501081
What are the prime factors of 151836760?
2, 5, 31, 122449
List the prime factors of 4500292793.
4500292793
List the prime factors of 42702191.
7, 23, 265231
What are the prime factors of 62979825?
3, 5, 839731
What are the prime factors of 1522127581?
13, 117086737
List the prime factors of 1066439969.
7, 21764081
List the prime factors of 255939865.
5, 419, 122167
What are the prime factors of 2484897455?
5, 41, 12121451
What are the prime factors of 299005607?
379, 788933
What are the prime factors of 4714094273?
7, 4073, 165343
List the prime factors of 916847426.
2, 11, 41674883
What are the prime factors of 50644286?
2, 7, 11, 47, 6997
List the prime factors of 231905068.
2, 5953, 9739
What are the prime factors of 295951937?
37, 7998701
What are the prime factors of 9863708?
2, 641, 3847
List the prime factors of 1031878299.
3, 271, 1269223
List the prime factors of 99994739.
13, 19, 404837
What are the prime factors of 378089504?
2, 13, 151, 463
List the prime factors of 351790898.
2, 175895449
What are the prime factors of 507291203?
17, 19, 139, 11299
List the prime factors of 309089300.
2, 5, 13, 73, 3257
What are the prime factors of 25068249?
3, 47, 59263
List the prime factors of 630720172.
2, 31, 1879, 2707
What are the prime factors of 153472713?
3, 1297, 39443
What are the prime factors of 111284886?
2, 3, 113, 151, 1087
What are the prime factors of 2589679666?
2, 7, 17, 10881007
List the prime factors of 1296373301.
17, 41, 1061, 1753
What are the prime factors of 38641554?
2, 3, 7, 19, 16141
What are the prime factors of 7485717832?
2, 21977, 42577
List the prime factors of 841867671.
3, 280622557
What are the prime factors of 724056092?
2, 61, 2967443
What are the prime factors of 1047644855?
5, 209528971
List the prime factors of 102586735.
5, 20517347
List the prime factors of 315528758.
2, 29, 103, 52817
What are the prime factors of 762473144?
2, 95309143
What are the prime factors of 2341569310?
2, 5, 19, 1597, 7717
What are the prime factors of 137284652?
2, 19, 37, 48821
List t